et f = t - 20. Let c = -12 - f. What is the units digit of c?
5
Let w(k) be the third derivative of 1/30*k**5 - 7/24*k**4 + 5/6*k**3 + 0*k - 4*k**2 + 0. What is the units digit of w(4)?
9
Let a = -5 - -9. Let o(d) = -d**3 + d + 4. Let q be o(-2). Suppose 0 = 3*n - a*n + q. What is the units digit of n?
0
Let q(m) = -m**3 + 7*m**2 - 4*m - 2. Let h be q(5). Let n = h + -12. What is the tens digit of n?
1
Let t(w) = -w - 2. Let j = -6 + 1. Let l be t(j). Suppose 3*m + 0*o - l*o - 45 = 0, 2*m + 2*o - 14 = 0. What is the units digit of m?
1
Suppose 5*g = 3*t + 2 + 31, 3*g - 3*t = 21. Let b = g + -3. Suppose 2*h + 1 = -5*r + 3, -2*h + b*r = -18. What is the units digit of h?
6
Let f(p) = p**2 + 11*p + 2. Let o be f(-11). Suppose -l + 66 = o*l. What is the units digit of l?
2
Let l be 37/2 + (-2)/4. Suppose -5*n = -12 - l. What is the units digit of n?
6
Let b(x) be the second derivative of -1/6*x**3 + 0*x**4 + x - 1/2*x**2 + 0 - 1/10*x**5. What is the units digit of b(-1)?
2
Let u be 0 - (3 + -26 - -3). Suppose 0 = r + 4*r - u. Suppose 3*b + y - 20 = 18, r*y = b - 17. What is the units digit of b?
3
Let f(n) = 3*n**2 + 3*n + 4. What is the tens digit of f(-3)?
2
Let w(j) be the first derivative of -7*j**2/2 - 2*j + 1. Let l be w(-2). Suppose -4*f + l = -4. What is the units digit of f?
4
Let r = 4 - -11. Suppose -5*i + 17 = 2*q - q, -5*i + 21 = 3*q. Suppose -5*l + q*l + r = 0. What is the units digit of l?
5
What is the units digit of ((-628)/12)/((-2)/6)?
7
Let b = -297 - -532. What is the tens digit of b?
3
Let d(t) = t**3 - 5*t**2 - 4*t + 6. Let v be d(4). What is the tens digit of 4/v - (-1995)/39?
5
What is the units digit of (-242)/(-4) + (18/4 - 6)?
9
Let k(u) = u**2 + 4*u - 2. Let t(q) = -q**2 - 7*q + 13. Suppose 0 = -l + w - 10, 5*l = -2*w - w - 42. Let b be t(l). What is the units digit of k(b)?
3
Let i(d) = -d. Let b(l) = l + 7. Let o be b(-8). What is the units digit of i(o)?
1
Let q(s) = s**3 + s + 3. Suppose -3*d = d. Let z be q(d). What is the units digit of z/(-12)*(-4)/1?
1
Suppose -3*p - 3*p = -420. What is the units digit of p?
0
Suppose -4*q + l - 60 = 0, -5*q + 3*l - 66 = 4*l. Let m = -5 - q. What is the units digit of m?
9
Suppose -4*l = -5*x - 0*x + 12, 0 = 2*l + 5*x - 24. Suppose 2*p = -l*p + 28. Suppose 3*r + 20 = p*r. What is the units digit of r?
5
Let p = 23 - 12. What is the units digit of p?
1
Let i be (-13 - -13)/(1/1). Suppose -55 = -2*d + 13. Suppose i = -0*b - 2*b + m + 13, -3*m = -5*b + d. What is the units digit of b?
5
Let m(j) = 2*j**2 + j - 2. What is the tens digit of m(4)?
3
Let z = 3 - 3. Suppose -2 + z = -2*i. What is the units digit of i?
1
Suppose 4*v = -v - 15. What is the units digit of (-110 - 4)/v + -2?
6
Let w(q) = q - 2. Let k be w(6). Suppose 5*v + 4*n = 58, v + k*n = 2*v - 26. What is the tens digit of v?
1
Let j(m) = m**2 - 7*m - 3. What is the tens digit of j(-6)?
7
What is the tens digit of (-1 - 4)/(5/(-335))?
3
Suppose c - 2 = 1. Suppose 3*t + 0 - 3 = -c*o, -11 = -5*o + t. Suppose 0 = g + 4*y - 16, 0*g + o*g + 4*y = 20. What is the units digit of g?
4
Let t(h) = -h**2 - 16*h + 41. What is the tens digit of t(-17)?
2
What is the tens digit of 4/(1*6/327)?
1
Suppose 0 = 3*x - 3*v + 39, 5*x - v + 3*v + 79 = 0. Let p be 1/((x/(-36))/5). What is the units digit of 105/p + (-1)/(-4)?
9
Let v = -8 - -28. Suppose -2*d = -2*r + r - 2, 4*d - v = -2*r. What is the tens digit of 6/4 + 42/r?
1
Let g be 7/28 - (-166)/8. Suppose g + 7 = 4*c. What is the units digit of c?
7
Suppose 4*c = 4*j + 4, 3*c = -c + j + 13. Suppose 2*g - k - 12 = -0*k, c*g - k - 26 = 0. What is the units digit of g?
7
Let l(a) = -5*a - 2*a**2 + 10 - 2*a**2 + a**3 - 7. Let d = -4 - -9. What is the units digit of l(d)?
3
Let l(y) = 3*y**2 + 9*y. Let z(h) = -h - 1. Let a(t) = t**2 + 2*t + 1. Let i(c) = -a(c) - z(c). Let r(q) = 4*i(q) + l(q). What is the units digit of r(4)?
4
Suppose 42 = -4*a + 5*a. Suppose -3*s = 2*r + s + 8, -5*r - a = -s. Let c = r - -27. What is the units digit of c?
9
Let s = -1 + 6. What is the units digit of s?
5
Suppose -2*x + 0 = -2. Suppose -q + 7 = x. Let l = -3 + q. What is the units digit of l?
3
Let t(s) = -14*s + 8. What is the tens digit of t(-4)?
6
Let m(s) = 11*s**2 - s - 1. Let v be m(-1). Suppose 0 = -2*x - 2*d + 44, -x + 2*d = -20 - v. What is the units digit of x?
5
Suppose -4*p = -5*n - 73 + 21, 0 = -p + 3*n + 6. What is the units digit of p?
8
What is the units digit of 1/(-2) - ((-6104)/(-16))/(-1)?
1
Suppose 8*f + 819 = 3355. What is the tens digit of f?
1
Let n(k) = k**2 - 4*k - 9. Let z be n(6). Suppose m - 3*b - 2 = 0, 2*m + b = -z*m + 74. What is the units digit of m?
4
Let z = -14 + 19. Suppose 117 = 3*g + 3*h, z*g + 4*h - 72 = 3*g. What is the units digit of g?
2
Let t = 4 + 2. Let a = -7 - -10. Suppose 0 = a*d + t, -4*w + 22 + 12 = -d. What is the units digit of w?
8
What is the tens digit of 458/(-12)*-2 + 18/27?
7
Let a(z) = z**2 - 9*z + 3. Let d be (-2 - (2 + -3))*-8. Let m be a(d). Let w(g) = -g + 4. What is the units digit of w(m)?
9
Let x(w) = w - 13. Let z be x(7). Let a = z + 24. What is the tens digit of a?
1
Let a be (0 - -1)*-11*1. Let s = a + 8. What is the units digit of s/12*-2*6?
3
Suppose 0*f = -5*f + 5. Let t be (4/(-12))/(f/(-12)). Let d = -2 + t. What is the units digit of d?
2
Let r(t) be the second derivative of 5*t**3/6 - t**2/2 - 2*t. Let k be r(1). Suppose k*d - 14 - 7 = -5*w, -3*d + 10 = -2*w. What is the units digit of d?
4
Let r(o) = -3 + 2*o - 3*o + 1. Let d be r(-6). Let a = d - 2. What is the units digit of a?
2
Suppose 7 = p + 3*c, -3*c = 2*p - 7 - 4. Suppose p*y + 0*y = 152. What is the units digit of y/6 + 1/(-3)?
6
Suppose 0 = -4*y + 83 + 117. What is the units digit of y?
0
Suppose -3*y + 10*y - 1274 = 0. What is the hundreds digit of y?
1
Let j be (-1)/2*(-5 + 1). Suppose -2*g - 2 = -3*f - 55, j*f - 130 = -4*g. Let v = g + -17. What is the units digit of v?
4
Suppose 80 + 76 = 3*a. What is the tens digit of a?
5
Let y(r) = r + 3. Let q(g) = 1. Let n(p) = 4*q(p) + y(p). What is the units digit of n(6)?
3
Suppose 0 = 4*c - 4*q - 28, 0*c = -2*c - 2*q + 22. Let j = 17 - 14. Let w = c - j. What is the units digit of w?
6
What is the units digit of (18 - 6)*(-67)/(-4)?
1
Suppose -4*z + 316 = -v - 3*v, 0 = 5*z + 4*v - 422. What is the tens digit of z?
8
Let h = 25 + 6. What is the units digit of h?
1
What is the tens digit of (6 - (-13)/(-3))*(0 + 66)?
1
Let v(p) = -p**2 + 9*p - 7. Let s be v(6). Let f(j) = j - 7. What is the units digit of f(s)?
4
Let b(a) be the third derivative of 7*a**5/60 - a**4/12 + a**3/6 - 6*a**2. What is the units digit of b(1)?
6
Let y = 3 + 1. Suppose 3*n - n + 2*s = 2, 3*n - y*s - 38 = 0. Let w = n - 3. What is the units digit of w?
3
Suppose 0 = 3*a + 18 - 207. What is the tens digit of a?
6
Let x(k) be the second derivative of -k**5/20 + 5*k**4/12 + 2*k**2 + 4*k. What is the units digit of x(5)?
4
Let t(c) = -c**2 - 10*c + 12. Let p(v) = -2*v**2 - 19*v + 23. Let m(w) = -4*p(w) + 7*t(w). Let n be m(-7). What is the units digit of 6 - n*(2 - 2)?
6
Suppose 5*u + o - 38 = 0, u - 30 = -2*u - 3*o. Suppose u*h - 8*h + 6 = 0. What is the units digit of h?
6
Let h(i) = i**2 + 7*i + 2. Let a be h(-7). Suppose -4*n - x + 2*x + 96 = 0, 0 = -4*n + a*x + 100. What is the units digit of n?
3
Suppose 2*c - 18 = 4*c. Let y be (-6)/c + (-86)/3. Let o = y - -43. What is the tens digit of o?
1
Let g = 96 - 58. What is the units digit of g?
8
Let x be 60/33 + (-4)/(-22). Let k(p) = p**3 - p**2 + 3*p - 1. What is the units digit of k(x)?
9
Suppose -2*d + 3*d = 0. Suppose -p = -3*h + 7, d = -2*p - h + 2 + 5. What is the units digit of p?
2
Suppose 0 = -4*y - s + 219, -y - 2*s + 28 + 18 = 0. What is the tens digit of y?
5
Let k(p) = p**3 - 7*p**2 - 6. What is the tens digit of k(8)?
5
Suppose -3*l + 4*w - 16 = 0, 4*l - w + 16 = 3*w. What is the units digit of l + -1*(0 - 2)?
2
Let k = 17 - 27. Let v be 46/10 - 4/k. Suppose 5*n = 4*n, t + v*n - 2 = 0. What is the units digit of t?
2
Let n(v) = v + 6. Let a be n(-10). Let f = a - -11. Let m = -3 + f. What is the units digit of m?
4
Let o be ((-3)/(-6))/(3/18). Suppose -m = o - 14. What is the units digit of m?
1
Let d = 1 - -1. Suppose -i = -d*i + 12. What is the tens digit of i?
1
Let d be (-2)/(-